c(j) = 0 + 15*j + 1 - 14*j + u. Let o be c(-4). What is the greatest common divisor of 5 and o?
1
Suppose 0*g - 4*g - 4*z + 24 = 0, -2*z + 6 = 0. Suppose -4*h + 2*l + 176 = 0, -5*h + g*l + 194 = 7*l. What is the greatest common factor of h and 147?
21
Let f(o) = -494*o - 1368. Let n be f(-3). Let a be ((-3)/(-6))/(2/12). Let p be (-2)/(a/((-114)/2)). Calculate the highest common factor of n and p.
38
Suppose 0 = 13*i - 712 - 289. What is the highest common divisor of i and 319?
11
Let q(o) be the first derivative of 2*o**3 - 3*o**2/2 - 35*o + 53. Let h be q(8). Calculate the highest common factor of h and 13.
13
Suppose 285 = -4*k - 367. Let o = k + 164. Suppose 5*u - 26 + 6 = 0. Calculate the greatest common divisor of u and o.
1
Let n be 1 + 2 - (-4 + 1 - 8). Suppose n*f + 668 = u + 10*f, 0 = -5*f - 10. Calculate the highest common factor of u and 30.
30
Suppose -4258 = -215*x + 6279 + 428. Suppose -3*m = 0, 0 = 4*y + 5*m - 10*m - 816. What is the highest common divisor of y and x?
51
Let w(u) = -u**2 + 7*u - 2. Let q be w(3). Let p = 36512 - 36510. Calculate the greatest common factor of p and q.
2
Let g = 90 - 56. Suppose -5*y + 35360 = -4*c, -c + 21216 = 3*y + 3*c. Suppose -27*a = -a - y. What is the highest common divisor of a and g?
34
Let f be 63/(-6)*(-6)/1. Suppose 2*o + 275*c - 18 = 277*c, 5*o - 99 = -c. What is the greatest common divisor of o and f?
9
Let v = 8 - 4. Suppose 0 = -4*x - v*x - 16. Let l be x/(-4)*4*304/8. Calculate the greatest common divisor of l and 190.
38
Let k be ((-168)/(-196))/((8/(-14))/4). Let y = k + 328. Calculate the greatest common factor of y and 46.
46
Let f = 954 - 1353. Let z = 949 + f. What is the highest common divisor of 66 and z?
22
Let i = -2850 + 530. Let v be i/(-35) - 2/7. Let c(o) = -5*o - 84. Let x be c(-18). Calculate the highest common divisor of x and v.
6
Suppose 4*k - 4*z = 75 - 47, z - 5 = 0. What is the greatest common factor of k and 852?
12
Let t be (-149)/(-7) - (-2)/(-7). Let o = -2 + 576. Suppose o = 21*m + 20*m. Calculate the greatest common divisor of t and m.
7
Suppose -72*r + 964 - 100 = 0. What is the highest common factor of 256 and r?
4
Suppose 14*j = 18*j - 32*j + 16492. Calculate the greatest common factor of j and 868.
31
Let z be (-4)/(-546)*13 + (-1474925)/(-105). What is the highest common factor of 11 and z?
11
Suppose 3*k - 24 = -b - 4, 0 = b + 6*k - 32. What is the highest common factor of 44 and b?
4
Suppose 10*h = 7*h + 45. Let l(m) = -m**3 - h - 21*m**2 - 12*m - 16 + 7*m**2 + 6. Let p be l(-14). Calculate the greatest common factor of p and 13.
13
Let c = 7516 + 4895. Calculate the greatest common divisor of c and 63.
63
Let o(i) = i**3 + 23*i**2 + 19*i + 10. Let l be o(-22). Let h = 149 - l. Suppose -7*m - h + 318 = 0. Calculate the highest common factor of m and 14.
7
Let s be (0 - -1494)/(-6) + 2. Let j = -243 - s. What is the highest common factor of j and 18?
2
Let h = 1 + 8. Let m = 268 - 265. Suppose 3*k - z - 219 = 0, 0 = -4*k - k - m*z + 351. What is the greatest common factor of h and k?
9
Let f(u) = -563*u - 982. Let i be f(-2). What is the greatest common factor of 279 and i?
9
Suppose -4*q - 3261 = 4*n - 7*n, 0 = 5*n - 4*q - 5451. What is the greatest common factor of n and 195?
15
Suppose -5*m + 2*p - 1220 = -2131, -4*m + 2*p + 728 = 0. Calculate the highest common factor of m and 3.
3
Let m be (-17 - 1)*((-333)/(-27) + -11). Let f be (m/(-28))/(((-4)/(-3808))/1). What is the greatest common divisor of f and 48?
48
Suppose 0 = -5*z + 5*i - 6630, 10 = 4*i + 30. Let a = z + 1352. Suppose 6*q - 4*q = 294. What is the greatest common factor of a and q?
21
Let n = 74 + -66. Suppose 923 = n*c - 2837. Suppose -5*s - 5*a = -c, 367 = 4*s - a + 2*a. What is the highest common divisor of 13 and s?
13
Let r = -55 + 70. Suppose -168 = r*n - 36*n. What is the greatest common factor of n and 216?
8
Let g be (30 - (-1331)/(-44)) + 1325/4 + -2. What is the highest common factor of g and 7?
7
Let j = -102 + 336. Let a(k) be the third derivative of k**5/60 - k**4/12 - 3*k**3/2 + 29*k**2. Let h be a(-5). What is the highest common divisor of j and h?
26
Let p(t) = 5*t - 42. Let h be p(10). Suppose h*y - 2*y = 168. What is the greatest common divisor of 308 and y?
28
Let k(j) be the second derivative of j**5/20 + j**3/2 + j**2 - 37*j. Let h be k(4). Let i be 56 + (1 - 3) + -2. What is the greatest common divisor of i and h?
26
Let u(z) = -z**3 - 19*z**2 - 15*z + 96. Let n be u(-18). Calculate the highest common factor of 609 and n.
21
Suppose 3*v - 5940 = -3*z, 0 = 4*z - 2*v + 4527 - 12423. What is the greatest common divisor of z and 16?
8
Let d(l) be the third derivative of 1/4*l**4 + 0*l - 10*l**2 - 2*l**3 + 0. Let c be d(7). Calculate the greatest common divisor of 180 and c.
30
Let p = 8723 + -1747. Calculate the highest common factor of p and 64.
64
Suppose 28*k - 70 = 98. Suppose -200 = -5*h - d, -87 = -2*h - h + k*d. What is the greatest common divisor of 65 and h?
13
Let b = 8552 - 8544. Let h be 80*1*(-4)/(-10). Calculate the highest common factor of b and h.
8
Let i = -198 + 202. Suppose 0 = -f - 0 + 12. Let d = -11 + f. What is the greatest common divisor of d and i?
1
Let g(p) = p**2 + 5*p - 2. Let f be g(-5). Let m be ((-4)/(-9))/(10/90). Let u be f - 8*m/(-8). Calculate the greatest common divisor of u and 6.
2
Suppose 5*z - 27 = 998. Let j = -141 + z. What is the highest common factor of 32 and j?
32
Let s(t) = -4*t. Let a be s(-2). Let b(r) = -2089*r - 27155. Let o be b(-13). Calculate the highest common factor of a and o.
2
Suppose 0 = -19*x + 727 - 2627. Let w be (-18 + 24)/((-6)/x). Calculate the greatest common divisor of 25 and w.
25
Let y = -14 + 17. Suppose 0 = 2*d + 11 - y. Let m = d - -59. What is the greatest common divisor of m and 11?
11
Suppose 0 = 3*h - 15, b + 9*h = 16*h - 10*h + 449. Let d be (0 + -1)/((-2)/62). What is the greatest common divisor of d and b?
31
Let w = -22355 - -22503. What is the highest common factor of w and 216?
4
Let o(d) = 28*d**2 - 3*d - 25. Let m be o(-4). Let y = -430 + m. What is the highest common factor of y and 5?
5
Let r(v) = -v. Let b(c) = -11. Let w(d) = b(d) + r(d). Let u be w(-9). Let y be (-6)/3 - (u - (0 - -12)). Calculate the highest common divisor of y and 60.
12
Let f = -177 - -183. Let i(m) = -m**2 + 10*m - 17. Let p be i(f). What is the greatest common divisor of 7 and p?
7
Let q = 993 - 606. Let f = 436 - q. Calculate the greatest common factor of f and 343.
49
Let l = 242 + -493. Let z = l + 422. Calculate the greatest common factor of 9 and z.
9
Let t be 15/(-12) + (91/4)/7. Let n be 80/160 - ((-106)/4 - t). Calculate the greatest common factor of 203 and n.
29
Let g be 6/9 + (-584)/(-6). Let z be 126/(-8)*427960/(-37035). Calculate the greatest common divisor of z and g.
14
Suppose 8*j - 566 - 12498 = 0. Calculate the highest common divisor of 142 and j.
71
Suppose 6*n + d - 78 = 2*n, 5*d - 50 = -3*n. Let o be ((-24)/n)/(-2*(-3)/(-120)). What is the greatest common factor of o and 456?
24
Let g(p) = -4*p**2 + 27*p + 8. Let n be g(-6). Let d = n + 177. Let q = d - -169. Calculate the greatest common divisor of q and 36.
12
Let q = 10034 - 10019. What is the greatest common divisor of 775 and q?
5
Let r(s) = 3*s**2 + 2*s - 1. Let v be r(-5). Let z = -769 + 785. Calculate the highest common divisor of v and z.
16
Let y = -7753 - -7764. Calculate the greatest common divisor of 32 and y.
1
Let c = 159 + -154. Suppose 36 = -73*r + 74*r + 3*f, -108 = -3*r - c*f. Calculate the highest common factor of r and 396.
36
Let x = -1141 - -514. Let n be (2/(-3))/((-11)/(x/(-2))). Let r = -265 - -417. Calculate the greatest common factor of r and n.
19
Let v = 119 - 20. Suppose -33*c + 32*c + v = 0. Calculate the highest common factor of c and 18.
9
Let q = -205 - -394. Suppose 0 = -2*v - 18*c + 17*c + 42, v - 21 = -2*c. Calculate the highest common divisor of q and v.
21
Let k = 94 + -54. Let u be k/6 + (-2)/(-6). Let y be (16/36)/(((-28)/18)/(-7)) - -5. Calculate the greatest common divisor of u and y.
7
Let p = 3180 - 2703. What is the greatest common factor of 3 and p?
3
Suppose 5511 = 5*s - 4*i - 505, -5*i = -3*s + 3620. Suppose -2*u - 2*u - w = -s, 0 = -w. What is the highest common factor of 3